
11
Suppose 4*w - 70 = 2*d, 0 = w + 5*d - 2 - 21. Calculate the highest common factor of w and 774.
18
Let f be 121/5 + -5 + (-432)/(-90). Calculate the greatest common factor of 152 and f.
8
Let r(w) = -28*w + 8. Let x be r(-4). Let l be ((-4)/6)/((-5)/x). What is the greatest common divisor of l and 176?
16
Suppose 0*r - 890 = 5*r. Let q = r - -344. Suppose 5*c = 4*i + q, i - 74 = -3*c - 3*i. Calculate the highest common divisor of 12 and c.
6
Suppose -5*a + 390 = 3*o + 5, -308 = -4*a + 3*o. Calculate the greatest common factor of 1232 and a.
77
Suppose -2*h = -z + 3*h + 99, -z + 2*h = -90. Let u = z + -67. What is the highest common factor of 187 and u?
17
Let y be (-3)/(-24)*518 + (-11)/(-44). Calculate the greatest common factor of y and 52.
13
Let f = -18 - -30. Let r(n) = -n**2 + 170. Let k be r(0). Let x be k/2 + (-9 - -8). What is the greatest common divisor of x and f?
12
Let v be (-36)/1*11/(-4)*1. What is the greatest common factor of 45 and v?
9
Suppose 3*a - 14 = 2*v + 3*v, 0 = -5*a + 4*v + 45. Suppose a*z - 11*z - 120 = 0. Calculate the highest common divisor of 90 and z.
30
Let l(k) = -3*k. Let h(p) = -4*p. Let n(c) = -5*h(c) + 7*l(c). Let q be n(-9). Calculate the highest common factor of q and 1.
1
Let m(c) = -c**3 - 8*c**2 - 12*c + 3. Let h be m(-6). Let w be (-4)/12*(-3 + h). Suppose 4*i = -w*i + 44. Calculate the highest common factor of 11 and i.
11
Let n = 99 + -95. Suppose -30 = -2*s - 2*m, -5*m - 69 = -n*s - 0*m. What is the highest common factor of s and 40?
8
Suppose -4*v = 3*x - 56, 17 + 11 = 2*v - 2*x. What is the greatest common divisor of v and 140?
14
Suppose 0 = -h + 5*z + 26, 4*h + 4*z - 35 = z. Calculate the greatest common divisor of h and 220.
11
Let h be -47 + -3 - 0/(-2). Let f = h + 74. Let u be (-1)/6 - (-940)/f. What is the highest common factor of 13 and u?
13
Let a(z) = -3*z + 6. Let d be a(2). Let l(i) = 6*i + 4*i - 4*i + 9*i**2 - 1 + d*i + i**3. Let p be l(-7). What is the highest common factor of 22 and p?
11
Let i be 2 - -276 - (6 + -3)/(-3). What is the greatest common factor of i and 62?
31
Let k = 18 - 5. Let f = 64 + -12. What is the highest common factor of k and f?
13
Suppose -11*q + 24 = -5*q. Calculate the highest common factor of q and 4.
4
Suppose -3*v = v - 192. What is the highest common factor of 80 and v?
16
Let s be (-92)/115*10/(-2). Let x = 52 - s. What is the highest common divisor of x and 16?
16
Let m be 3700/140 + 4/7. Calculate the highest common divisor of 3 and m.
3
Let l(d) = -34*d. Let s be l(-1). Suppose -3*p - y = -203, 0 = 5*p - 6*y + 10*y - 336. What is the greatest common factor of s and p?
34
Let k = 1 - -5. Suppose 20 = -4*o + k*o. Calculate the greatest common divisor of 25 and o.
5
Let q(s) = s**3 - s**2 + 12. Let h be q(0). Let f be 8*3/(h/5). Let t = -431 + 436. What is the greatest common divisor of f and t?
5
Let o(w) = -w - 1. Let v be o(-3). Suppose -3*y - 40 = 2*f, 3*y + v*f + 16 = 2*y. Let j be (y/18)/((-2)/180). What is the greatest common divisor of 20 and j?
20
Let d(a) = -a**2 + 4*a + 29. Let b be d(-12). Let z = 419 + b. What is the highest common factor of z and 32?
32
Suppose c + 20 = 89. Suppose -288 - 174 = -11*h. Let p = h + -19. What is the greatest common factor of p and c?
23
Let o = -27 + 38. Let y be 4 + -11 - -6 - (0 - o). What is the highest common factor of 90 and y?
10
Suppose 0 = -3*f - 11 + 47. Suppose f*u - 19*u = -105. Calculate the highest common divisor of 6 and u.
3
Suppose -6*f - 4*p = -5*f - 87, -2*f + 207 = -3*p. What is the greatest common factor of f and 9?
9
Let q be (-275)/3*516/(-430). Let y = 11 + 11. Calculate the highest common divisor of y and q.
22
Let c be ((-144)/20)/1*(-120)/36. What is the greatest common divisor of 684 and c?
12
Let a = 107 - 94. What is the highest common divisor of a and 377?
13
Suppose -638*g + 1034 = -627*g. What is the greatest common divisor of 4 and g?
2
Let g = 3210 + -2526. Calculate the greatest common factor of g and 72.
36
Let n be 28 - (-3)/((-9)/(-6)). Let c(h) = h**3 - 3*h**2 + 2*h. Let g be c(2). Suppose g = 4*t - 2*t - 12. Calculate the highest common divisor of n and t.
6
Suppose -2*l + 3*l - 3*h + 11 = 0, 3*l = -2*h + 22. What is the highest common divisor of l and 7?
1
Let o(x) = 3*x - 5. Let i be o(5). Suppose 0 = -17*z + 19*z - i. Calculate the greatest common factor of 25 and z.
5
Let i = 259 - 205. Calculate the highest common factor of i and 6.
6
Suppose -5*v - 51 = -2*v. Let z be ((-35)/2)/((-4)/8). Let u = v + z. Calculate the highest common factor of u and 12.
6
Let b(n) = n - 13. Let s be b(22). What is the highest common divisor of s and 144?
9
Suppose -29 = 3*s - 2*z + 3*z, 4*z + 53 = -5*s. Let l(c) = 2*c**3 + 18*c**2 + c + 13. Let m be l(s). What is the highest common divisor of 6 and m?
2
Suppose 11 = 3*g - c, -2*c - 7 = -g + 5. Let w be (4 - -2)*g*1. Let r be 141/w - (-6)/24. What is the highest common factor of r and 24?
12
Let c be 166 + 3 + -3 - -2. What is the greatest common divisor of 48 and c?
24
Let f = 1008 + -504. What is the greatest common factor of f and 72?
72
Let o(u) = -u + 2. Let g be o(-3). Suppose -g*n = 3*m + 2*m - 65, 0 = m + 3*n - 19. What is the greatest common divisor of m and 10?
10
Let l be 10/(-6) + 1/(-3). Let o = l - 45. Let x = -5 - o. What is the highest common divisor of x and 6?
6
Let w(j) = -7*j**2 + 3*j + 8. Let y(z) = -15*z**2 + 5*z + 17. Let g(a) = -9*w(a) + 4*y(a). Let x be g(4). What is the highest common factor of 128 and x?
16
Suppose 6*b + 75 = 21. Let x = b + 13. Let w be (-39)/(-2) - (-3)/6. What is the highest common divisor of x and w?
4
Let b(m) = 9*m**2 - 5*m + 3. Let w be b(1). Let o = -58 - -121. What is the greatest common factor of w and o?
7
Let o(y) = -20*y - 76. Let x be o(-21). Calculate the greatest common divisor of 43 and x.
43
Let t(w) = -10*w - 9. Let m be t(-3). What is the highest common divisor of 63 and m?
21
Let u = 45 - -63. Calculate the highest common factor of u and 8.
4
Suppose 2*l + 840 = 8*l. Let d = 138 - 82. Calculate the highest common divisor of d and l.
28
Let r(s) = 11*s**3 + 4*s**2 + 10*s - 54. Let q be r(4). Calculate the highest common factor of q and 58.
58
Let c be (-39 - 6)*57/(-9). What is the highest common factor of c and 15?
15
Let v be (-90)/(-1305) - (-6523)/29. What is the highest common factor of v and 45?
45
Suppose -2*r - 407 = -4*r - f, r = 4*f + 190. Suppose -s - 4*g + r = 0, 4*s - g - 797 = -6*g. Calculate the greatest common factor of s and 18.
18
Suppose -3*y + 117 = y - 5*m, -3*m + 9 = 0. Suppose 2*v - 171 = -5*h, -h + y = 2*v - v. Calculate the highest common factor of h and 7.
7
Let j = -182 - -189. What is the greatest common factor of 259 and j?
7
Suppose -3*s - i + 7 = -11, 26 = 4*s + 2*i. Let f be 66/30*29 - (-1)/s. What is the highest common divisor of f and 24?
8
Let h be (-28)/(-13)*1339/206. What is the greatest common factor of 10 and h?
2
Let l be 6/10 + (-66)/(-15). Let d(m) = 15 - 12 + 4 + l + m. Let b be d(6). What is the greatest common factor of 27 and b?
9
Suppose 6*c = 121 + 65. Suppose 4*a = -4, a - c = -5*r + 2*a. What is the greatest common factor of 30 and r?
6
Suppose -7*i = 558 - 586. What is the greatest common divisor of 116 and i?
4
Suppose -5*g + 590 = -y, -2*g - y = -330 + 87. Suppose -280 = 9*s - 13*s. Let w = g - s. What is the highest common divisor of w and 7?
7
Let t = 48 - 42. Let o = -2 + t. What is the greatest common factor of o and 3?
1
Let v(i) = -2*i**3 - 13*i**2 - 38*i - 5. Let c be v(-6). Suppose 101 = 5*g + 4*z, -23 - 42 = -5*g + 5*z. Calculate the highest common factor of g and c.
17
Let g be (-900)/(-10) + -1 + 4/2. What is the highest common divisor of g and 65?
13
Let p(s) = s + 3. Let h = 13 + -16. Let o be p(h). Suppose 10*d - 3*d - 84 = o. What is the highest common divisor of 48 and d?
12
Let c(b) = b**3 + 7*b**2 + 10*b + 2. Let a be c(-4). Suppose -a = -2*r + 4. What is the greatest common divisor of 49 and r?
7
Suppose 5*j - 117 = -3*z - 28, -3 = -z. Let s be -3 + (-2)/(-4)*878. Let b = s + -292. What is the highest common divisor of b and j?
16
Suppose 3*y + 0*y - 57 = 0. Let h = y - 13. Let q(u) = -19*u - 3. Let c be q(-3). Calculate the highest common divisor of h and c.
6
Let u be (2 + 8)/2 + 46. Wh